{"id":313,"date":"2022-01-10T21:33:08","date_gmt":"2022-01-10T21:33:08","guid":{"rendered":"https:\/\/thfgc.dk\/?page_id=313"},"modified":"2024-01-29T21:07:27","modified_gmt":"2024-01-29T21:07:27","slug":"vedtaegter","status":"publish","type":"page","link":"https:\/\/dev3.thfgc.dk\/?page_id=313","title":{"rendered":"Vedt\u00e6gter"},"content":{"rendered":"\n<hr class=\"wp-block-separator has-css-opacity\"\/>\n\n\n\n<p>Torsdagsherrerne fik status som forening ved&nbsp;generalforsamlingen i 1997.<\/p>\n\n\n\n<p>Generalforsamlingen vedtog et overordnet&nbsp;regels\u00e6t, der fastl\u00e6gger bestyrelsens bemyndigelser og forpligtelser.<\/p>\n\n\n\n<p><strong>\u00a7 1&nbsp;<\/strong><\/p>\n\n\n\n<p>Foreningens navn er TORSDAGSHERRERNE.<\/p>\n\n\n\n<p><strong>\u00a7 2<\/strong><\/p>\n\n\n\n<p>Foreningens hjemsted er Fredericia Golf Club, Stenh\u00f8jvej 57, 7000 Fredericia.<\/p>\n\n\n\n<p><strong>\u00a7 3&nbsp;<\/strong><\/p>\n\n\n\n<p>Foreningen er stiftet 1. april 1994.<\/p>\n\n\n\n<p><strong>\u00a7 4&nbsp;<\/strong><\/p>\n\n\n\n<p>Foreningens form\u00e5l er, at tilbyde medlemmerne et sp\u00e6ndende og varieret&nbsp;turneringsprogram med s\u00e6sonstart primo april og afslutning ultimo oktober. Bestyrelsen skal sikre, at afviklingen af foreningens turneringer sker under afslappede, hyggelige og sportslige korrekte former.<\/p>\n\n\n\n<p><strong>\u00a7 5&nbsp;<\/strong><\/p>\n\n\n\n<p>Aktive medlemmer (herrer) af Fredericia Golf Club, der er fyldt 19 og med max. handicap 36 kan blive medlem.<\/p>\n\n\n\n<p><strong>\u00a7 6<\/strong><\/p>\n\n\n\n<p>Foreningens regnskabs\u00e5r er 1. oktober til 30. september.<\/p>\n\n\n\n<p><strong>\u00a7 7&nbsp;<\/strong><\/p>\n\n\n\n<p>P\u00e5 generalforsamlingen (\u00e5rsafslutningen) v\u00e6lges en bestyrelse, best\u00e5ende af 4 eller 5&nbsp;medlemmer. Bestyrelsen konstituerer sig med en captain, en kasserer og to eller tre&nbsp;adjudanter. Captain er bemyndiget til at foretage beslutninger i forbindelse&nbsp;med afviklingen af turneringsprogrammet. Kassereren er bemyndiget til at varetage \u00f8konomien i forbindelse med Torsdagsherrernes aktiviteter.<\/p>\n\n\n\n<p><strong>Stk.2<\/strong><\/p>\n\n\n\n<p>Alle bestyrelsesmedlemmer er valgt for to \u00e5r, s\u00e5ledes at minimum to er p\u00e5 valg hvert \u00e5r. Genvalg er muligt.<\/p>\n\n\n\n<p><strong>\u00a7 8&nbsp;<\/strong><\/p>\n\n\n\n<p>Bestyrelsen er bemyndiget til:<br>At fasts\u00e6tte \u00e5rets kontingent.<br>At udarbejde turneringsprogram.<br>At fastl\u00e6gge turneringsbetingelser (Herunder regler for afvikling af&nbsp;turnering).<br>At aftale venskabsturneringer med andre klubber.<br>At foretage enhver beslutning i overensstemmelse med vedt\u00e6gterne.<\/p>\n\n\n\n<p><strong>\u00a7 9&nbsp;<\/strong><\/p>\n\n\n\n<p>Bestyrelsen forpligter sig til:<br><strong>Stk.2<\/strong><\/p>\n\n\n\n<p>At varetage foreningens interesser i ethvert forhold og sikre at foreningens&nbsp;form\u00e5lsparagraffer<br>overholdes.<br><strong>Stk.3<\/strong><\/p>\n\n\n\n<p>At afholde \u00e5rlig generalforsamling (\u00e5rsafslutning) med f\u00f8lgende dagsorden:<br>1. Valg af dirigent.<br>2. \u00c5rsberetning.<br>3. Afl\u00e6ggelse af regnskab for s\u00e6sonen.<br>4. Indkomne forslag. (Til vedt\u00e6gterne)<br>5. Valg af bestyrelse og en revisor<br>6. Eventuelt.&nbsp;<\/p>\n\n\n\n<p><strong>\u00a7 10<\/strong><\/p>\n\n\n\n<p>Indkaldelse til generalforsamlingen sker via turneringsprogrammet og indkomne forslag skal v\u00e6re bestyrelsen i h\u00e6nde senest 14 dage f\u00f8r generalforsamlingen (\u00e5rsafslutningen).&nbsp;<\/p>\n\n\n\n<p><strong>Stk.2&nbsp;<\/strong><\/p>\n\n\n\n<p>Ekstraordin\u00e6r generalforsamling skal afholdes, n\u00e5r bestyrelsen eller 1\/3 af medlemmerne \u00f8nsker det. Den ekstraordin\u00e6re generalforsamling skal afvikles indenfor 3 uger fra modtagelsen af \u00f8nsket.<\/p>\n\n\n\n<p><strong>Stk.3&nbsp;<\/strong><\/p>\n\n\n\n<p>Foreningen kan opl\u00f8ses af en generalforsamling, hvis mere end 2\/3 af de fremm\u00f8dte medlemmer stemmer for<\/p>\n\n\n\n<p><strong>\u00a7 11&nbsp;<\/strong><\/p>\n\n\n\n<p>Afg\u00f8relser p\u00e5 generalforsamlingen afg\u00f8res ved simpelt stemmeflertal blandt de fremm\u00f8dte medlemmer. \u00c6ndringer til vedt\u00e6gterne kr\u00e6ver dog mindst 2\/3 stemmer blandt de fremm\u00f8dte medlemmer.&nbsp;<\/p>\n\n\n\n<p><strong>\u00a7 12<\/strong><\/p>\n\n\n\n<p>Foreningens eventuelle formue til falder i tilf\u00e6lde af foreningens opl\u00f8sning, juniorafdelingen i Fredericia Golf Club.<\/p>\n\n\n\n<p>Vedt\u00e6gterne er senest \u00e6ndret p\u00e5 generalforsamlingen d. 27. oktober 2023<\/p>\n\n\n\n<hr class=\"wp-block-separator has-css-opacity\"\/>\n","protected":false},"excerpt":{"rendered":"<p>Torsdagsherrerne fik status som forening ved&nbsp;generalforsamlingen i 1997. Generalforsamlingen vedtog et overordnet&nbsp;regels\u00e6t, der fastl\u00e6gger bestyrelsens bemyndigelser og forpligtelser. \u00a7 1&nbsp; Foreningens navn er TORSDAGSHERRERNE. \u00a7 2 Foreningens hjemsted er Fredericia Golf Club, Stenh\u00f8jvej 57, 7000 Fredericia. \u00a7 3&nbsp; Foreningen er stiftet 1. april 1994. \u00a7 4&nbsp; Foreningens form\u00e5l er, at tilbyde medlemmerne et sp\u00e6ndende og [&hellip;]<\/p>\n","protected":false},"author":1,"featured_media":0,"parent":0,"menu_order":0,"comment_status":"closed","ping_status":"closed","template":"","meta":{"_bbp_topic_count":0,"_bbp_reply_count":0,"_bbp_total_topic_count":0,"_bbp_total_reply_count":0,"_bbp_voice_count":0,"_bbp_anonymous_reply_count":0,"_bbp_topic_count_hidden":0,"_bbp_reply_count_hidden":0,"_bbp_forum_subforum_count":0,"footnotes":""},"class_list":["post-313","page","type-page","status-publish","hentry","post"],"_links":{"self":[{"href":"https:\/\/dev3.thfgc.dk\/index.php?rest_route=\/wp\/v2\/pages\/313","targetHints":{"allow":["GET"]}}],"collection":[{"href":"https:\/\/dev3.thfgc.dk\/index.php?rest_route=\/wp\/v2\/pages"}],"about":[{"href":"https:\/\/dev3.thfgc.dk\/index.php?rest_route=\/wp\/v2\/types\/page"}],"author":[{"embeddable":true,"href":"https:\/\/dev3.thfgc.dk\/index.php?rest_route=\/wp\/v2\/users\/1"}],"replies":[{"embeddable":true,"href":"https:\/\/dev3.thfgc.dk\/index.php?rest_route=%2Fwp%2Fv2%2Fcomments&post=313"}],"version-history":[{"count":4,"href":"https:\/\/dev3.thfgc.dk\/index.php?rest_route=\/wp\/v2\/pages\/313\/revisions"}],"predecessor-version":[{"id":1272,"href":"https:\/\/dev3.thfgc.dk\/index.php?rest_route=\/wp\/v2\/pages\/313\/revisions\/1272"}],"wp:attachment":[{"href":"https:\/\/dev3.thfgc.dk\/index.php?rest_route=%2Fwp%2Fv2%2Fmedia&parent=313"}],"curies":[{"name":"wp","href":"https:\/\/api.w.org\/{rel}","templated":true}]}}